the prime factors of 28190010?
2, 3, 5, 653, 1439
List the prime factors of 1405589293.
223, 6303091
List the prime factors of 3543538522.
2, 79, 22427459
What are the prime factors of 8637092?
2, 53, 131, 311
What are the prime factors of 445091608?
2, 13, 149, 28723
What are the prime factors of 2004532024?
2, 11, 4051, 5623
List the prime factors of 266633460.
2, 3, 5, 19, 53, 1471
What are the prime factors of 562981329?
3, 73, 856897
What are the prime factors of 2524954642?
2, 7, 1973, 91411
List the prime factors of 163429890.
2, 3, 5, 13, 419051
List the prime factors of 288002261.
43, 6697727
What are the prime factors of 297828356?
2, 7, 10636727
What are the prime factors of 68501737?
1367, 50111
What are the prime factors of 828354650?
2, 5, 277, 59809
List the prime factors of 30227501.
167, 181003
What are the prime factors of 102700468?
2, 13, 17, 116177
What are the prime factors of 49818201?
3, 29, 271, 2113
List the prime factors of 378426366.
2, 3, 1777, 11831
List the prime factors of 635216852.
2, 23, 89, 3373
List the prime factors of 18427372.
2, 311, 14813
List the prime factors of 217638793.
217638793
What are the prime factors of 171568508?
2, 31, 67, 107, 193
List the prime factors of 162694049.
7, 163, 142589
What are the prime factors of 6366106?
2, 881, 3613
List the prime factors of 39844332.
2, 3, 11, 3049
List the prime factors of 42067674.
2, 3, 11, 43, 61
What are the prime factors of 46544041?
367, 126823
List the prime factors of 1570335706.
2, 47, 653, 25583
What are the prime factors of 170037522?
2, 3, 1153, 2731
List the prime factors of 4093154108.
2, 15877, 64451
What are the prime factors of 53102470?
2, 5, 5310247
List the prime factors of 215911941.
3, 7, 10281521
What are the prime factors of 32126136?
2, 3, 7, 191227
What are the prime factors of 191840894?
2, 7, 163, 84067
What are the prime factors of 33564425?
5, 97, 13841
List the prime factors of 31407428.
2, 13, 603989
What are the prime factors of 94586005?
5, 23, 281, 2927
What are the prime factors of 224990179?
349, 644671
List the prime factors of 1721518410.
2, 3, 5, 2003, 28649
List the prime factors of 923617187.
23, 347, 115727
What are the prime factors of 89787657?
3, 83, 360593
List the prime factors of 23306025.
3, 5, 310747
What are the prime factors of 21895895?
5, 7, 89371
What are the prime factors of 2470999146?
2, 3, 7, 11, 97, 7877
List the prime factors of 4848955001.
11, 53, 8317247
List the prime factors of 32422625.
5, 259381
What are the prime factors of 243320415?
3, 5, 13, 1247797
What are the prime factors of 106401288?
2, 3, 7, 307, 2063
What are the prime factors of 7860918269?
17, 462406957
What are the prime factors of 11683653?
3, 89, 43759
What are the prime factors of 94401216?
2, 3, 7, 13, 1801
List the prime factors of 58324345.
5, 41, 284509
List the prime factors of 891171994.
2, 17, 1543, 16987
What are the prime factors of 143706287?
17, 137, 61703
List the prime factors of 47061033.
3, 1427, 10993
What are the prime factors of 144467692?
2, 23, 167, 9403
List the prime factors of 56059836.
2, 3, 7, 667379
List the prime factors of 2233141967.
7, 23, 269, 51563
What are the prime factors of 1754524057?
11, 13, 12269399
What are the prime factors of 171075577?
31, 5518567
List the prime factors of 2167484839.
13, 163, 1022881
List the prime factors of 164807198.
2, 383, 215153
What are the prime factors of 634912755?
3, 5, 73, 579829
What are the prime factors of 145222239?
3, 1033, 46861
List the prime factors of 145908732.
2, 3, 12159061
What are the prime factors of 32740910?
2, 5, 1091, 3001
List the prime factors of 353965948.
2, 7, 12641641
What are the prime factors of 775088693?
775088693
What are the prime factors of 2083809992?
2, 11, 3167, 7477
List the prime factors of 83341741.
7, 1901, 6263
List the prime factors of 81670131.
3, 9074459
List the prime factors of 91330599.
3, 29, 107, 9811
What are the prime factors of 735784544?
2, 11, 190027
What are the prime factors of 33781655?
5, 6756331
What are the prime factors of 1382636490?
2, 3, 5, 23, 827, 2423
List the prime factors of 7522184.
2, 53, 113, 157
List the prime factors of 3334441668.
2, 3, 83, 3347833
What are the prime factors of 598227617?
13, 46017509
What are the prime factors of 516355282?
2, 31, 8328311
List the prime factors of 2576732363.
2576732363
What are the prime factors of 61286466?
2, 3, 10214411
What are the prime factors of 509712693?
3, 7, 24272033
What are the prime factors of 1367576401?
1367576401
List the prime factors of 160582766.
2, 80291383
List the prime factors of 539777492.
2, 293, 460561
List the prime factors of 22517638.
2, 11, 13, 43, 1831
List the prime factors of 152269382.
2, 19, 389, 10301
List the prime factors of 389881855.
5, 11, 23, 89, 3463
What are the prime factors of 5299253?
61, 109, 797
What are the prime factors of 20258425?
5, 11, 37, 181
What are the prime factors of 142447420?
2, 5, 17, 29, 14447
What are the prime factors of 16760344?
2, 101, 20743
List the prime factors of 432702208.
2, 127, 13309
What are the prime factors of 1099764919?
11, 467, 214087
What are the prime factors of 94238348?
2, 109, 331, 653
List the prime factors of 17862163.
11, 1623833
List the prime factors of 4239335952.
2, 3, 563, 52291
What are the prime factors of 599336563?
7, 85619509
List the prime factors of 410839577.
211, 1947107
List the prime factors of 20535835.
5, 59, 67, 1039
List the prime factors of 50112109.
2011, 24919
List the prime factors of 29144975.
5, 1165799
What are the prime factors of 769425594?
2, 3, 7, 337, 54361
List the prime factors of 3422410365.
3, 5, 11, 4253, 4877
What are the prime factors of 2718248370?
2, 3, 5, 1847, 49057
What are the prime factors of 24062937?
3, 1699, 4721
What are the prime factors of 3189323699?
151, 21121349
What are the prime factors of 4835778695?
5, 11, 233, 377353
List the prime factors of 45634422.
2, 3, 7605737
What are the prime factors of 59676326?
2, 277, 107719
What are the prime factors of 300775893?
3, 11, 9114421
What are the prime factors of 173273180?
2, 5, 17, 701, 727
List the prime factors of 5960558901.
3, 11, 180622997
What are the prime factors of 16245088?
2, 67, 7577
What are the prime factors of 3253556578?
2, 31, 379, 138461
What are the prime factors of 1785189765?
3, 5, 211, 564041
What are the prime factors of 2599359960?
2, 3, 5, 2153, 10061
List the prime factors of 1859089712.
2, 3583, 32429
What are the prime factors of 7900816827?
3, 17, 1033, 149969
List the prime factors of 1158606014.
2, 127, 233, 19577
List the prime factors of 54714143.
11, 17, 67, 397
List the prime factors of 111432693.
3, 31, 1198201
What are the prime factors of 97878225?
3, 5, 23, 2467
List the prime factors of 4257657364.
2, 1064414341
What are the prime factors of 260823501?
3, 103, 281363
What are the prime factors of 176180734?
2, 88090367
What are the prime factors of 153292762?
2, 7, 10949483
List the prime factors of 21861183.
3, 7287061
List the prime factors of 159331493.
223, 811, 881
List the prime factors of 15922196.
2, 3980549
List the prime factors of 3007976480.
2, 5, 41, 458533
What are the prime factors of 210818333?
11, 313, 61231
List the prime factors of 45794999.
45794999
What are the prime factors of 181307213?
181307213
List the prime factors of 562156789.
562156789
List the prime factors of 148534922.
2, 1231, 60331
What are the prime factors of 100023363?
3, 11, 307, 1097
List the prime factors of 108592487.
227, 229, 2089
What are the prime factors of 12017093?
11, 1092463
List the prime factors of 1508925485.
5, 301785097
What are the prime factors of 83184445?
5, 23, 313, 2311
List the prime factors of 284057851.
7, 11, 79, 953
List the prime factors of 191646460.
2, 5, 9582323
List the prime factors of 54108902.
2, 3881, 6971
List the prime factors of 37972228.
2, 7, 1356151
List the prime factors of 812565665.
5, 162513133
List the prime factors of 5230298627.
5230298627
What are the prime factors of 914934304?
2, 1999, 14303
What are the prime factors of 90715227?
3, 30238409
What are the prime factors of 1526506206?
2, 3, 254417701
What are the prime factors of 74643493?
41, 1820573
List the pr